 Calculate the greatest common factor of z and 35.
7
Suppose -4*p - 10 = -k, 3*k - 4*p = -2*k - 30. Let i be k/(-25) + (-256)/(-10). What is the greatest common divisor of i and 39?
13
Let t be (6 - 7)/(1/(-5)). Suppose -4*h - 121 = 3*g, h + 3*h + 127 = -t*g. Let i be 2/8 + (-1505)/h. What is the greatest common divisor of 18 and i?
18
Suppose 0 = -4*a - 4*f + 4, -5*a + 8 = 3*f + 1. Let l(x) = -2*x**2 + 3*x**2 - x**2 + 7*x - x**2. Let i be l(6). Calculate the highest common divisor of a and i.
2
Let c(n) = -n**2 - 4*n - 9. Let i be c(-6). Let t be (-1)/(-3) - i/(-9). Let f be (-2)/(t/7) + 0. Calculate the greatest common factor of 49 and f.
7
Let w be (-5)/(-1) - 2 - -11. Calculate the greatest common factor of 63 and w.
7
Let q be 18/4*16/36. Let b = -1 - -6. Let s = b - q. What is the greatest common divisor of 27 and s?
3
Suppose -16*n = -13*n - 36. Calculate the highest common factor of 36 and n.
12
Let d(z) = -3*z**3 - 3. Let h be d(-3). What is the greatest common factor of 52 and h?
26
Suppose 2*y = -y + 207. Calculate the greatest common divisor of y and 23.
23
Let y(c) = c**2 + 3*c + 9. Let u = 26 - 41. Let p = u + 9. Let h be y(p). Calculate the greatest common factor of 3 and h.
3
Let z(w) = 63*w - 3. Let x be z(1). What is the highest common factor of 480 and x?
60
Suppose -4*s + 67 + 77 = 0. Calculate the greatest common divisor of 18 and s.
18
Let g(l) = 2*l. Let q be g(4). Let b(m) = 6*m**2 - 4*m - 6. Let y be b(-4). Let h = y + -34. Calculate the greatest common factor of q and h.
8
Suppose 21 = 2*b - 5*t, 2*t - 1 = 2*b - 13. Suppose -l + b*z = -3, 4*l - 6*z = -4*z + 22. What is the greatest common factor of l and 42?
6
Suppose 79 = 4*v + 5*b, 4*b = 2*v - 3*v + 17. Let r = -9 + v. Let f = -7 + r. Calculate the highest common divisor of f and 5.
5
Let y = -66 + 106. Let d(t) = t**3 + 4*t**2 + t + 5. Let p be d(-4). Let c be 17 + 0 + (p - 2). Calculate the highest common factor of c and y.
8
Let z = 1 + 11. What is the highest common divisor of z and 120?
12
Let t(g) = -9*g**3 - 5*g**2 - 5*g - 1. Let x be t(-2). Suppose -3*a + 3*o + x + 2 = 0, -o = -2*a + 41. What is the highest common factor of 30 and a?
10
Let k(c) = c**2 + 5*c. Let b be k(-8). Calculate the highest common divisor of 48 and b.
24
Let y = 6 + 14. Calculate the highest common divisor of y and 60.
20
Let w = 6 - 6. Suppose w*y + 400 = 4*y. Suppose 2*s - 7*s + y = 0. Calculate the highest common factor of s and 100.
20
Let p = 15 - 12. Suppose p*s - 22 = 77. Calculate the greatest common divisor of 11 and s.
11
Let m = -21 - -48. Calculate the greatest common factor of 135 and m.
27
Let p be (2*-1 - 58)*-1. Suppose 116*g = 118*g - 30. Calculate the greatest common divisor of g and p.
15
Let z(x) = -x + 79. Let o be z(19). What is the greatest common divisor of 40 and o?
20
Let a be 18/(-3)*79/2. Let q be a/(-15) - (-2)/10. What is the highest common divisor of q and 4?
4
Let q(l) = 2*l**2 + 3*l - 7. Let j be q(-4). Calculate the highest common divisor of j and 104.
13
Let c be (4/(-2))/(-2) + 63. Let n = 22 + -14. What is the greatest common divisor of n and c?
8
Suppose -p = -31 + 19. Let j be 2 - (0 - -1*2). Let s = 4 - j. What is the highest common divisor of s and p?
4
Suppose -4*l - 3*x = -205, -47 = -l - 0*x - 5*x. What is the highest common factor of l and 13?
13
Suppose -4*g - 2*g = -90. Calculate the highest common divisor of g and 75.
15
Suppose -80 = -b - b. What is the highest common factor of 5 and b?
5
Let o be 8/20 - (-4)/(-10). Suppose -8*y + 11*y - 294 = o. Suppose 0 = -q + 4*u + 30, 0 = 4*q - 9*q + 3*u + 82. What is the highest common factor of q and y?
14
Let j = -306 - -482. What is the highest common factor of j and 16?
16
Let k be (-194)/(-3) + (-2)/(-6). Let s = 179 + -153. What is the highest common divisor of s and k?
13
Let h = -20 - 24. Let d = h + 7. Let n = -22 - d. What is the greatest common divisor of n and 6?
3
Suppose 0 = -5*g + g. Suppose 0 = -g*x - x + r + 2, -x + 3*r = 0. Suppose -3*n + 86 = -2*u, u = -x*n + 4*n - 29. What is the greatest common divisor of 4 and n?
4
Let i = -17 - -39. Suppose 4*d + 3*x = 18, 3*x - 7*x + i = 5*d. What is the greatest common divisor of 30 and d?
6
Suppose -26 = -3*c + 5*t, 2*c - 5*t = -1 + 25. What is the highest common divisor of c and 4?
2
Let i(y) = -2*y**2 + y + 4. Let g be i(4). Let x be 2 - 5/((-15)/g). Let r = x + 7. Calculate the greatest common divisor of 8 and r.
1
Let q(x) = x**2 + 5*x + 3. Let j be q(-5). Suppose j*o = -o + 28. Calculate the highest common divisor of 77 and o.
7
Let d be (-1 + 14/(-6))/(1/(-24)). What is the highest common factor of 16 and d?
16
Let c be 2 - (0 - 3/(-3)). Calculate the highest common factor of c and 3.
1
Let j(l) = l**2 + 9*l - 8. Let u = -18 - -8. Let z be j(u). Suppose z*a + 110 = 3*a. Calculate the greatest common factor of 11 and a.
11
Let a(x) = 17*x - 1. Let d be a(8). What is the greatest common divisor of 15 and d?
15
Let v(g) = -g**2 - 11*g - 5. Let s be v(-8). What is the highest common divisor of s and 57?
19
Let j be (18/30)/(1/35). What is the greatest common divisor of 14 and j?
7
Suppose -3*v = -7*v + 540. Let g(w) = -w**3 - 6*w**2 - 8*w + 12. Let u be g(-5). Calculate the greatest common divisor of u and v.
27
Suppose -5*w + 46 = -2*j, w = -0*w - j + 12. Let n = -127 + 217. Calculate the highest common factor of n and w.
10
Let q = 14 - 9. Suppose u - 3*h + 6 = -0*u, -3*u + 10 = q*h. Suppose -2*x + 0*x + 30 = u. What is the greatest common divisor of x and 165?
15
Suppose k = 2*k - 2. Let l(o) = -2*o**3 + 2*o**2 - 2. Let z be l(-2). What is the greatest common divisor of k and z?
2
Suppose 5*n - 29 = -2*y, 11 = -2*y + 4*n - n. Let o be (7 - 0/2) + 1. Suppose o = 2*b + 2. What is the highest common divisor of b and y?
1
Let v(g) = 7*g + 1. Let f be v(-4). Let d = 61 + f. Calculate the greatest common divisor of 238 and d.
34
Let y = 44 + -23. Let f = 38 + 95. Let k = f + 35. What is the greatest common factor of y and k?
21
Let k(m) = -5*m - 4. Let y be k(-11). What is the highest common divisor of 17 and y?
17
Suppose -9*s + 8*s = -232. Calculate the greatest common factor of 29 and s.
29
Let t = -5 - -10. Suppose -4*x = t*u - 2, u + 5*x = -6 - 2. Calculate the highest common divisor of 2 and u.
2
Let k be ((-9)/15)/((-4)/20). Suppose k*s = 3*v - 105, -4*s + 0*s = 3*v - 133. Calculate the highest common divisor of 13 and v.
13
Suppose -6 = -y - y. Let j be y/2*2*8. Let i(q) = q**3 + 3*q**2 - q + 3. Let d be i(-3). What is the greatest common divisor of j and d?
6
Suppose -2*t + 112 = 2*t. Suppose 0 = -2*a - 0*x + 2*x + 20, -t = -3*a + 5*x. Calculate the highest common factor of a and 121.
11
Suppose 66 = c - 3*c. Let x = -10 - c. What is the highest common divisor of 207 and x?
23
Let j = 18 + -6. Calculate the greatest common divisor of j and 8.
4
Let c(h) = -13 + 0*h + 9 + h. Let k be c(4). Let a be -4 + 23 + (k - 1). Calculate the greatest common factor of 45 and a.
9
Suppose -5*r + 272 = 77. Calculate the highest common divisor of 78 and r.
39
Let d(u) = -4*u - 4. Let n(i) = -i**3 + 2*i**2 + i + 1. Let a be n(-2). Suppose -a = 3*r - 0. Let l be d(r). Calculate the highest common factor of 48 and l.
16
Suppose 6 = -a + 3*a. Let d be ((-17)/(-3))/(a/18). Let b = d + 5. What is the highest common factor of b and 13?
13
Let w(s) = -s**3 + 5*s**2 - 5. Let a be w(4). Suppose -5*j - 4*o + 195 = 14, j - 13 = 5*o. Calculate the highest common factor of j and a.
11
Suppose -5*r + y + 597 = 0, 6*r - 4*y = 3*r + 348. Let w be -1 - -19 - 36/12. Calculate the greatest common divisor of w and r.
15
Let c(k) = -2*k**3 + 11*k**2 - 3*k + 1. Let d be c(5). Calculate the highest common divisor of 55 and d.
11
Let q = -622 + 947. Calculate the greatest common divisor of 13 and q.
13
Suppose 3*x = -7*x + 1600. Calculate the highest common divisor of 32 and x.
32
Let i(n) be the first derivative of -n**3/3 - 9*n**2/2 - 7*n + 3. Let h be i(-8). What is the greatest common divisor of h and 7?
1
Suppose 5*x = 3*x + 4*q + 68, 4*x - 136 = 4*q. Let a = -24 + x. What is the greatest common divisor of 4 and a?
2
Suppose 4*t + 4 = -i, -3*i + 4*t - 30 = 14. Let v be i/(1 + 2)*-1. What is the greatest common factor of v and 28?
4
Suppose 2*o - 40 = 5*h, -2*h +